{"id":89,"date":"2014-12-28T18:22:29","date_gmt":"2014-12-28T21:22:29","guid":{"rendered":"http:\/\/localhost\/ActiveHost\/?page_id=89"},"modified":"2015-08-20T11:26:06","modified_gmt":"2015-08-20T14:26:06","slug":"it-infraestrutura","status":"publish","type":"page","link":"http:\/\/itinfra.com.br\/site\/it-infraestrutura\/","title":{"rendered":"iT Infraestrutura"},"content":{"rendered":"<div class=\"hostingHeader shared\">\n<p>A iT infra oferece Servi\u00e7os Gerenciados para Infraestrutura de Redes, construindo ou reestruturando o ambiente de rede corporativo entregando hardware, software, suporte e gerenciamento, tudo como servi\u00e7o.<br \/>\nAtuamos como especialistas em solu\u00e7\u00f5es para Infraestrutura de Rede, Comunica\u00e7\u00f5es Unificadas, Datacenter e Seguran\u00e7a. Com flexibilidade e entendendo as particularidades de cada empresa, buscamos proporcionar solu\u00e7\u00f5es que reduzam o Custo Operacional e aumentem a Produtividade de seus parceiros.<\/p>\n<\/div>\n<div class=\"hostingPlans clearfix\">\n<div class=\"column tiny\">\n<div class=\"heading\">\n<p>Entry<\/p>\n<p><span class=\"label\">1000 Monthly Pageview<\/span><\/div>\n<div class=\"keyFeatures\">\n<ul>\n<li><strong>2<\/strong>\u00a0Hosted Domains<\/li>\n<li><strong>1 GB<\/strong>\u00a0Raid Storage<\/li>\n<li><strong>50 GB<\/strong>\u00a0Premium Traffic<\/li>\n<\/ul>\n<\/div>\n<div class=\"additionalFeatures\">\n<ul>\n<li>Enterprise Dell Hardware<\/li>\n<li>cPanel Powered<\/li>\n<li>Litespeed Server<\/li>\n<li>99.99% Uptime Guarantee<\/li>\n<li>PHP, CGI, Perl, JavaScript, SSI &amp; MySQL Support<\/li>\n<\/ul>\n<\/div>\n<div class=\"price\"><strong>$40<\/strong><br \/><span>yearly or $4 monthly<\/span><\/div>\n<p><a class=\"colorButton\" href=\"\"><span class=\"pointer\">Order Now<\/span><\/a><\/p>\n<\/div>\n<div class=\"column tiny\">\n<div class=\"heading\">\n<p>Professional<\/p>\n<p><span class=\"label\">10.000 Monthly Pageview<\/span><\/div>\n<div class=\"keyFeatures\">\n<ul>\n<li><strong>20<\/strong> Hosted Domains<\/li>\n<li><strong>3 GB<\/strong>\u00a0Raid Storage<\/li>\n<li><strong>200 GB<\/strong>\u00a0Premium Traffic<\/li>\n<\/ul>\n<\/div>\n<div class=\"additionalFeatures\">\n<ul>\n<li>Enterprise Dell Hardware<\/li>\n<li>cPanel Powered<\/li>\n<li>Litespeed Server<\/li>\n<li>99.99% Uptime Guarantee<\/li>\n<li>PHP, CGI, Perl, JavaScript, SSI &amp; MySQL Support<\/li>\n<\/ul>\n<\/div>\n<div class=\"price\"><strong>$60<\/strong><br \/><span>yearly or $6 monthly<\/span><\/div>\n<p><a class=\"colorButton\" href=\"\"><span class=\"pointer\">Order Now<\/span><\/a><\/p>\n<\/div>\n<div class=\"column tiny\">\n<div class=\"heading\">\n<p>Business<\/p>\n<p><span class=\"label\">100.000 Monthly Pageview<\/span><\/div>\n<div class=\"keyFeatures\">\n<ul>\n<li><strong>100<\/strong> Hosted Domains<\/li>\n<li><strong>10 GB<\/strong>\u00a0Raid Storage<\/li>\n<li><strong>500 GB<\/strong>\u00a0Premium Traffic<\/li>\n<\/ul>\n<\/div>\n<div class=\"additionalFeatures\">\n<ul>\n<li>Enterprise Dell Hardware<\/li>\n<li>cPanel Powered<\/li>\n<li>Litespeed Server<\/li>\n<li>99.99% Uptime Guarantee<\/li>\n<li>PHP, CGI, Perl, JavaScript, SSI &amp; MySQL Support<\/li>\n<\/ul>\n<\/div>\n<div class=\"price\"><strong>$80<\/strong><br \/><span>yearly or $8 monthly<\/span><\/div>\n<p><a class=\"colorButton\" href=\"\"><span class=\"pointer\">Order Now<\/span><\/a><\/p>\n<\/div>\n<div class=\"column tiny\">\n<div class=\"heading\">\n<p>Enterprise<\/p>\n<p><span class=\"label\">500.000+ Monthly Pageview<\/span><\/div>\n<div class=\"keyFeatures\">\n<ul>\n<li><strong>1000<\/strong> Hosted Domains<\/li>\n<li><strong>50 GB<\/strong>\u00a0Raid Storage<\/li>\n<li><strong>1 TB<\/strong> Premium Traffic<\/li>\n<\/ul>\n<\/div>\n<div class=\"additionalFeatures\">\n<ul>\n<li>Enterprise Dell Hardware<\/li>\n<li>cPanel Powered<\/li>\n<li>Litespeed Server<\/li>\n<li>99.99% Uptime Guarantee<\/li>\n<li>PHP, CGI, Perl, JavaScript, SSI &amp; MySQL Support<\/li>\n<\/ul>\n<\/div>\n<div class=\"price\"><strong>$120<\/strong><br \/><span>yearly or $12 monthly<\/span><\/div>\n<p><a class=\"colorButton\" href=\"\"><span class=\"pointer\">Order Now<\/span><\/a><\/p>\n<\/div>\n<\/div>\n<div class=\"contentInfoBox\">\n<p>Automa\u00e7\u00e3o de c\u00f3pias de seguran\u00e7a com armazenamento de dados em equipamentos com <strong>redund\u00e2ncia (RAID-5)<\/strong>.<\/p>\n<\/div>\n<p class=\"separator\">\n<p><img data-recalc-dims=\"1\" decoding=\"async\" class=\" aligncenter\" src=\"https:\/\/i0.wp.com\/en.community.dell.com\/cfs-file\/__key\/communityserver-wikis-components-files\/00-00-00-01-59\/5008.VRTX_5F00_rackmount_5F00_tower_5F00_lowres.jpg?w=960\" alt=\"\" \/><br \/>\n<strong> Virtualiza\u00e7\u00e3o &amp; Consolida\u00e7\u00e3o<\/strong><\/p>\n<p>&nbsp;<\/p>\n<p align=\"justify\">Segundo o Gartner Group, a utiliza\u00e7\u00e3o m\u00e9dia do parque de servidores em uma organiza\u00e7\u00e3o \u00e9 de 7% de sua capacidade chegando, nos picos, a apenas 15%. Consolidar e virtualizar significa aumentar significativamente a capacidade de processamento sem a necessidade de expans\u00e3o da base instalada.<\/p>\n<p align=\"justify\">A Virtualiza\u00e7\u00e3o &amp; Consolida\u00e7\u00e3o tem como objetivo otimizar a infraestrutura de TI reduzindo os custos de opera\u00e7\u00e3o do Data Center, otimizando os recursos e implementando modelos de conting\u00eancia mais econ\u00f4micos que garantam a continuidade dos neg\u00f3cios.<\/p>\n<p align=\"justify\">A iTinfra desenvolveu uma solu\u00e7\u00e3o in\u00e9dita e inovadora em Virtualiza\u00e7\u00e3o &amp; Consolida\u00e7\u00e3o: integrando<span class=\"Apple-converted-space\">\u00a0<\/span><em>hardware<\/em>,<em>software<\/em><span class=\"Apple-converted-space\">\u00a0<\/span>e servi\u00e7os \u00e9 poss\u00edvel para qualquer organiza\u00e7\u00e3o dar in\u00edcio ao \u00e0 implanta\u00e7\u00e3o de um ambiente virtual e consolidado de forma segura e econ\u00f4mica.<\/p>\n<p>&nbsp;<br \/>\n&nbsp;<\/p>\n<div class=\"column small\">\n<h3><span class=\"iconMediumServer\">Enterprise Hardware<\/span><\/h3>\n<p>&nbsp;<\/p>\n<div>\n<p>texto<\/p>\n<\/div>\n<\/div>\n<div class=\"column small\">\n<h3><span class=\"iconMediumStats\">Usage Statistics<\/span><\/h3>\n<p>&nbsp;<\/p>\n<div>\n<p>texto<\/p>\n<\/div>\n<\/div>\n<div class=\"column small last\">\n<h3><span class=\"iconMediumControlPanel\">Control Panel<\/span><\/h3>\n<p>&nbsp;<\/p>\n<div><\/div>\n<\/div>\n<div class=\"clearfix\"><\/div>\n","protected":false},"excerpt":{"rendered":"<p>Virtualiza\u00e7\u00e3o &amp; Consolida\u00e7\u00e3o &nbsp; Segundo o Gartner Group, a utiliza\u00e7\u00e3o m\u00e9dia do parque de servidores em uma organiza\u00e7\u00e3o \u00e9 de 7% de sua capacidade chegando, nos picos, a apenas 15%. Consolidar e virtualizar significa aumentar significativamente a capacidade de processamento sem a necessidade de expans\u00e3o da base instalada. A Virtualiza\u00e7\u00e3o &amp; Consolida\u00e7\u00e3o tem como objetivo [&hellip;]<\/p>\n","protected":false},"author":1,"featured_media":0,"parent":0,"menu_order":0,"comment_status":"open","ping_status":"closed","template":"","meta":{"jetpack_post_was_ever_published":false,"footnotes":""},"class_list":["post-89","page","type-page","status-publish","hentry"],"jetpack_sharing_enabled":true,"jetpack_shortlink":"https:\/\/wp.me\/P6I5OB-1r","jetpack-related-posts":[],"_links":{"self":[{"href":"http:\/\/itinfra.com.br\/site\/wp-json\/wp\/v2\/pages\/89","targetHints":{"allow":["GET"]}}],"collection":[{"href":"http:\/\/itinfra.com.br\/site\/wp-json\/wp\/v2\/pages"}],"about":[{"href":"http:\/\/itinfra.com.br\/site\/wp-json\/wp\/v2\/types\/page"}],"author":[{"embeddable":true,"href":"http:\/\/itinfra.com.br\/site\/wp-json\/wp\/v2\/users\/1"}],"replies":[{"embeddable":true,"href":"http:\/\/itinfra.com.br\/site\/wp-json\/wp\/v2\/comments?post=89"}],"version-history":[{"count":21,"href":"http:\/\/itinfra.com.br\/site\/wp-json\/wp\/v2\/pages\/89\/revisions"}],"predecessor-version":[{"id":612,"href":"http:\/\/itinfra.com.br\/site\/wp-json\/wp\/v2\/pages\/89\/revisions\/612"}],"wp:attachment":[{"href":"http:\/\/itinfra.com.br\/site\/wp-json\/wp\/v2\/media?parent=89"}],"curies":[{"name":"wp","href":"https:\/\/api.w.org\/{rel}","templated":true}]}}